{"id":83,"date":"2018-10-03T17:32:53","date_gmt":"2018-10-03T15:32:53","guid":{"rendered":"https:\/\/nkhq.de\/home\/?page_id=83"},"modified":"2021-05-28T07:39:21","modified_gmt":"2021-05-28T05:39:21","slug":"mitglieder","status":"publish","type":"page","link":"https:\/\/nkhq.de\/home\/index.php\/mitglieder\/","title":{"rendered":"Mitglieder"},"content":{"rendered":"<h3>Tig3roshy &#8211; Chef von NkHQ<\/h3>\n<p><img loading=\"lazy\" decoding=\"async\" class=\"wp-image-505 alignleft\" src=\"https:\/\/nkhq.de\/home\/wp-content\/uploads\/2021\/05\/Tig3rLogo-300x300.png\" alt=\"\" width=\"155\" height=\"155\" srcset=\"https:\/\/nkhq.de\/home\/wp-content\/uploads\/2021\/05\/Tig3rLogo-300x300.png 300w, https:\/\/nkhq.de\/home\/wp-content\/uploads\/2021\/05\/Tig3rLogo-1024x1024.png 1024w, https:\/\/nkhq.de\/home\/wp-content\/uploads\/2021\/05\/Tig3rLogo-150x150.png 150w, https:\/\/nkhq.de\/home\/wp-content\/uploads\/2021\/05\/Tig3rLogo-768x768.png 768w, https:\/\/nkhq.de\/home\/wp-content\/uploads\/2021\/05\/Tig3rLogo-624x624.png 624w, https:\/\/nkhq.de\/home\/wp-content\/uploads\/2021\/05\/Tig3rLogo-180x180.png 180w, https:\/\/nkhq.de\/home\/wp-content\/uploads\/2021\/05\/Tig3rLogo.png 1027w\" sizes=\"auto, (max-width: 155px) 100vw, 155px\" \/><\/p>\n<p>Vor Ewigkeiten haben Kizuneko, ehem. AlphaDesaster, und ich in dem Videospiel Smite einen Klan gegr\u00fcndet Namens NekomimiHQ.Nach einiger Zeit hatte aber KizuNeko wenig Lust auf diesen Klan und gr\u00fcndete einen anderen, ich \u00fcbernahm diesen dann und wurde somit &#8222;Chef von NkHQ&#8220;.<br \/>\nMit der Zeit lernte ich KoganeNoKenshi \u00fcber Twitch kennen und nun ist es unser Ding geworden.<\/p>\n<p><strong><br \/>\n\u00dcber mich:<\/strong><\/p>\n<p>Ich bin der Fredi, bin 1999er Baujahr und spiele gerne Videospiele im RPG und Open World Genre<br \/>\nIch leide seit meiner Geburt an einem Gendefekt, welcher eine Sehbehinderung bei mir hervorruft, mehr dazu <em><a href=\"https:\/\/nkhq.de\/home\/?page_id=523&amp;preview=true\"><strong>hier<\/strong><\/a>.<\/em><\/p>\n<p>In meiner Freizeit streame ich auf Twitch Videospiele und vernachl\u00e4ssige zuverl\u00e4ssig meinen YouTube Kanal.<br \/>\nZudem spiele ich regelm\u00e4\u00dfig Pen and Paper Rollenspiele und bin bei dem<strong><em><a href=\"https:\/\/www.ali-baba-spieleclub.de\/\"> Ali Baba Spieleclub e.V<\/a><\/em><\/strong> als Orga f\u00fcr Rollenspiel Events in N\u00fcrnberg t\u00e4tig und verwalte den Zust\u00e4ndigen <a href=\"https:\/\/twitter.com\/AliBaba_PnP\"><strong><em>Twitter Account<\/em><\/strong><\/a>.<\/p>\n<p><strong>Social\u00a0 Media:<\/strong><\/p>\n<p>Twitter: <a href=\"https:\/\/twitter.com\/tig3roshy\" target=\"_blank\" rel=\"noopener noreferrer\">@Tig3roshy<\/a><br \/>\nTwitch: <a href=\"https:\/\/www.twitch.tv\/tig3roshy\">Tig3roshy<\/a><\/p>\n<h3>KoganeNoKenshi &#8211; Admin<\/h3>\n<p><img loading=\"lazy\" decoding=\"async\" class=\"wp-image-222 size-full alignleft\" src=\"https:\/\/nkhq.de\/home\/wp-content\/uploads\/2019\/02\/Profile-Small-e1549621005276.png\" alt=\"\" width=\"155\" height=\"155\" \/><\/p>\n<p>Im Sommer 2016 bin ich zu NkHQ gesto\u00dfen&#8230; oder eher NkHQ zu mir,<br \/>\nals Tig3roshy sich einen Livestream von mir angeschaut hatte.<br \/>\nKurz darauf redeten wir, damals noch \u00fcber Skype miteinander und haben den gr\u00f6\u00dften Teil unserer Freizeit in GTA Online verbracht.<\/p>\n<p>Ich k\u00fcmmere mich um die Internetseite von NkHQ, die internen Server<br \/>\nund war(bin) auch f\u00fcr die Anime-Show NekoNews zust\u00e4ndig.<\/p>\n<p><strong>Meine Main-Games sind:<\/strong><\/p>\n<ul>\n<li>Euro Truck Simulator 2<\/li>\n<li>Grand Theft Auto V (Online)<\/li>\n<li>Neverwinter<\/li>\n<li>Cities Skylines<\/li>\n<li>Gran Turismo<\/li>\n<li><a href=\"https:\/\/forum.vio-sa.com\/\" target=\"_blank\" rel=\"noopener noreferrer\">Vio RL<\/a><\/li>\n<li>Animal Crossing<\/li>\n<\/ul>\n<p><strong>Social Media:<\/strong><\/p>\n<p>Twitter: <a href=\"https:\/\/twitter.com\/KoganeNoKenshi\" target=\"_blank\" rel=\"noopener noreferrer\">@KoganeNoKenshi<\/a><\/p>\n<h3><\/h3>\n<h3 style=\"text-align: left;\">Steam Mitglieder<\/h3>\n<p style=\"text-align: left;\"><a href=\"https:\/\/steamcommunity.com\/id\/Tig3roshy\" target=\"_blank\" rel=\"noopener noreferrer\"><img loading=\"lazy\" decoding=\"async\" class=\"aligncenter wp-image-293 size-full\" src=\"https:\/\/nkhq.de\/home\/wp-content\/uploads\/2019\/10\/steam-tig3r.jpg\" alt=\"\" width=\"32\" height=\"32\" \/><\/a><a href=\"https:\/\/steamcommunity.com\/id\/FlatrateLPs\" target=\"_blank\" rel=\"noopener noreferrer\"><img loading=\"lazy\" decoding=\"async\" class=\"alignleft wp-image-294 size-full\" src=\"https:\/\/nkhq.de\/home\/wp-content\/uploads\/2019\/10\/steam-kogane.jpg\" alt=\"\" width=\"32\" height=\"32\" \/><\/a> <a href=\"https:\/\/steamcommunity.com\/id\/edgypyro\" target=\"_blank\" rel=\"noopener noreferrer\"><img loading=\"lazy\" decoding=\"async\" class=\"alignleft wp-image-295 size-full\" src=\"https:\/\/nkhq.de\/home\/wp-content\/uploads\/2019\/10\/steam-shi.jpg\" alt=\"\" width=\"32\" height=\"32\" \/><\/a> <a href=\"https:\/\/steamcommunity.com\/id\/main_tryhard\" target=\"_blank\" rel=\"noopener noreferrer\"><img loading=\"lazy\" decoding=\"async\" class=\"alignleft wp-image-296 size-full\" src=\"https:\/\/nkhq.de\/home\/wp-content\/uploads\/2019\/10\/steam-ace.jpg\" alt=\"\" width=\"32\" height=\"32\" \/><\/a> <a href=\"https:\/\/steamcommunity.com\/id\/NeonVFX\" target=\"_blank\" rel=\"noopener noreferrer\"><img loading=\"lazy\" decoding=\"async\" class=\"alignleft wp-image-297 size-full\" src=\"https:\/\/nkhq.de\/home\/wp-content\/uploads\/2019\/10\/steam-neon.jpg\" alt=\"\" width=\"32\" height=\"32\" \/><\/a> <a href=\"https:\/\/steamcommunity.com\/id\/7807854632152534665\" target=\"_blank\" rel=\"noopener noreferrer\"><img loading=\"lazy\" decoding=\"async\" class=\"alignleft wp-image-298 size-full\" src=\"https:\/\/nkhq.de\/home\/wp-content\/uploads\/2019\/10\/steam-ochwod.jpg\" alt=\"\" width=\"32\" height=\"32\" \/><\/a> <a href=\"https:\/\/steamcommunity.com\/id\/Glurak2014\" target=\"_blank\" rel=\"noopener noreferrer\"><img loading=\"lazy\" decoding=\"async\" class=\"alignleft wp-image-299 size-full\" src=\"https:\/\/nkhq.de\/home\/wp-content\/uploads\/2019\/10\/steam-glurak.jpg\" alt=\"\" width=\"32\" height=\"32\" \/><\/a> <a href=\"https:\/\/steamcommunity.com\/profiles\/76561198120865878\" target=\"_blank\" rel=\"noopener noreferrer\"><img loading=\"lazy\" decoding=\"async\" class=\"alignleft wp-image-300 size-full\" src=\"https:\/\/nkhq.de\/home\/wp-content\/uploads\/2019\/10\/steam-kezory.jpg\" alt=\"\" width=\"32\" height=\"32\" \/><\/a> <a href=\"https:\/\/steamcommunity.com\/profiles\/76561198138108198\" target=\"_blank\" rel=\"noopener noreferrer\"><img loading=\"lazy\" decoding=\"async\" class=\"alignleft wp-image-301 size-full\" src=\"https:\/\/nkhq.de\/home\/wp-content\/uploads\/2019\/10\/steam-lodark.jpg\" alt=\"\" width=\"32\" height=\"32\" \/><\/a> <a href=\"https:\/\/steamcommunity.com\/id\/Sedva\" target=\"_blank\" rel=\"noopener noreferrer\"><img loading=\"lazy\" decoding=\"async\" class=\"alignleft wp-image-302 size-full\" src=\"https:\/\/nkhq.de\/home\/wp-content\/uploads\/2019\/10\/steam-sedva.jpg\" alt=\"\" width=\"32\" height=\"32\" \/><\/a> <a href=\"https:\/\/steamcommunity.com\/id\/ExSelia\" target=\"_blank\" rel=\"noopener noreferrer\"><img loading=\"lazy\" decoding=\"async\" class=\"alignleft wp-image-303 size-full\" src=\"https:\/\/nkhq.de\/home\/wp-content\/uploads\/2019\/10\/steam-snowwhite.jpg\" alt=\"\" width=\"32\" height=\"32\" \/><\/a> <a href=\"https:\/\/steamcommunity.com\/id\/subm4sk\" target=\"_blank\" rel=\"noopener noreferrer\"><img loading=\"lazy\" decoding=\"async\" class=\"alignleft wp-image-304 size-full\" src=\"https:\/\/nkhq.de\/home\/wp-content\/uploads\/2019\/10\/steam-submask.jpg\" alt=\"\" width=\"32\" height=\"32\" \/><\/a> <a href=\"https:\/\/steamcommunity.com\/id\/chrissdoyt\" target=\"_blank\" rel=\"noopener noreferrer\"><img loading=\"lazy\" decoding=\"async\" class=\"alignleft wp-image-305 size-full\" src=\"https:\/\/nkhq.de\/home\/wp-content\/uploads\/2019\/10\/steam-chrissdoyt.jpg\" alt=\"\" width=\"32\" height=\"32\" \/><\/a> <a href=\"https:\/\/steamcommunity.com\/id\/dauerdaddler\" target=\"_blank\" rel=\"noopener noreferrer\"><img loading=\"lazy\" decoding=\"async\" class=\"alignleft wp-image-306 size-full\" src=\"https:\/\/nkhq.de\/home\/wp-content\/uploads\/2019\/10\/steam-dauerdaddler.jpg\" alt=\"\" width=\"32\" height=\"32\" \/><\/a> <a href=\"https:\/\/steamcommunity.com\/id\/subhavoc\" target=\"_blank\" rel=\"noopener noreferrer\"><img loading=\"lazy\" decoding=\"async\" class=\"alignleft wp-image-307 size-full\" src=\"https:\/\/nkhq.de\/home\/wp-content\/uploads\/2019\/10\/steam-havoc.jpg\" alt=\"\" width=\"32\" height=\"32\" \/><\/a> <a href=\"https:\/\/steamcommunity.com\/profiles\/76561198110020769\" target=\"_blank\" rel=\"noopener noreferrer\"><img loading=\"lazy\" decoding=\"async\" class=\"alignleft wp-image-308 size-full\" src=\"https:\/\/nkhq.de\/home\/wp-content\/uploads\/2019\/10\/steam-nick.jpg\" alt=\"\" width=\"32\" height=\"32\" \/><\/a> <a href=\"https:\/\/steamcommunity.com\/profiles\/76561198141820669\" target=\"_blank\" rel=\"noopener noreferrer\"><img loading=\"lazy\" decoding=\"async\" class=\"alignleft wp-image-309 size-full\" src=\"https:\/\/nkhq.de\/home\/wp-content\/uploads\/2019\/10\/steam-ente.jpg\" alt=\"\" width=\"32\" height=\"32\" \/><\/a> <a href=\"https:\/\/steamcommunity.com\/id\/NeonFXPD2\" target=\"_blank\" rel=\"noopener noreferrer\"><img loading=\"lazy\" decoding=\"async\" class=\"alignleft wp-image-310 size-full\" src=\"https:\/\/nkhq.de\/home\/wp-content\/uploads\/2019\/10\/steam-neon2.jpg\" alt=\"\" width=\"32\" height=\"32\" \/><\/a> <a href=\"https:\/\/steamcommunity.com\/id\/XERON-\" target=\"_blank\" rel=\"noopener noreferrer\"><img loading=\"lazy\" decoding=\"async\" class=\"alignleft wp-image-311 size-full\" src=\"https:\/\/nkhq.de\/home\/wp-content\/uploads\/2019\/10\/steam-xeron.jpg\" alt=\"\" width=\"32\" height=\"32\" \/><\/a> <a href=\"https:\/\/steamcommunity.com\/id\/lumagehd\" target=\"_blank\" rel=\"noopener noreferrer\"><img loading=\"lazy\" decoding=\"async\" class=\"alignleft wp-image-312 size-full\" src=\"https:\/\/nkhq.de\/home\/wp-content\/uploads\/2019\/10\/steam-lumage.jpg\" alt=\"\" width=\"32\" height=\"32\" \/><\/a><\/p>\n","protected":false},"excerpt":{"rendered":"<p>Tig3roshy &#8211; Chef von NkHQ Vor Ewigkeiten haben Kizuneko, ehem. AlphaDesaster, und ich in dem Videospiel Smite einen Klan gegr\u00fcndet Namens NekomimiHQ.Nach einiger Zeit hatte aber KizuNeko wenig Lust auf&#8230; <a class=\"read-more-link\" href=\"https:\/\/nkhq.de\/home\/index.php\/mitglieder\/\">Read more &raquo;<\/a><\/p>\n","protected":false},"author":1,"featured_media":0,"parent":0,"menu_order":3,"comment_status":"closed","ping_status":"closed","template":"","meta":{"footnotes":""},"class_list":["post-83","page","type-page","status-publish","hentry"],"_links":{"self":[{"href":"https:\/\/nkhq.de\/home\/index.php\/wp-json\/wp\/v2\/pages\/83","targetHints":{"allow":["GET"]}}],"collection":[{"href":"https:\/\/nkhq.de\/home\/index.php\/wp-json\/wp\/v2\/pages"}],"about":[{"href":"https:\/\/nkhq.de\/home\/index.php\/wp-json\/wp\/v2\/types\/page"}],"author":[{"embeddable":true,"href":"https:\/\/nkhq.de\/home\/index.php\/wp-json\/wp\/v2\/users\/1"}],"replies":[{"embeddable":true,"href":"https:\/\/nkhq.de\/home\/index.php\/wp-json\/wp\/v2\/comments?post=83"}],"version-history":[{"count":29,"href":"https:\/\/nkhq.de\/home\/index.php\/wp-json\/wp\/v2\/pages\/83\/revisions"}],"predecessor-version":[{"id":532,"href":"https:\/\/nkhq.de\/home\/index.php\/wp-json\/wp\/v2\/pages\/83\/revisions\/532"}],"wp:attachment":[{"href":"https:\/\/nkhq.de\/home\/index.php\/wp-json\/wp\/v2\/media?parent=83"}],"curies":[{"name":"wp","href":"https:\/\/api.w.org\/{rel}","templated":true}]}}